*5/60 + z**4/24 + 5*z**3/6 + 16*z**2 - 4*z. Give c(4).
-7
Let x(q) = q**2 + 6*q + 1. Let y = 4 + 1. Suppose 0 = y*n + 13 + 12. Give x(n).
-4
Let w(u) = u**3 + 3*u**2 - u + 1. Let g be 5/((-5)/9) + 6. Give w(g).
4
Let i(o) = -2*o + 4. Let d = -128 + 123. Calculate i(d).
14
Let z be 5/15 - 1/3. Let v(l) = -6*l - 1. Determine v(z).
-1
Let f = 1991 + -1997. Let h(b) be the second derivative of b**4/12 + b**3 + 7*b**2/2 + b. Determine h(f).
7
Suppose 2 - 3 = -3*k + n, -4*k - 2*n - 2 = 0. Let q(w) = -w - 9. Give q(k).
-9
Let p(w) = -w**3 + w**2 + w - 1. Suppose 0 = 35*h - 18*h - 34. Determine p(h).
-3
Let z(s) = -7*s**2 - 2*s + 1. Suppose d + 5*m + 4 = 0, -5*m - 3 = -3*d + 5. Calculate z(d).
-8
Let g(r) = 0*r + 0*r**2 - 3*r - 3 + 0*r**2 - r**2. Let c be (-3)/(-9)*(-14 - (0 + 1)). Calculate g(c).
-13
Let d(l) be the second derivative of -7*l**3/6 - 307*l. Calculate d(-2).
14
Let o(q) = -q + 9. Let b(w) = -w**3 + 16*w**2 - 56*w + 2. Let a be b(11). What is o(a)?
18
Let i = -15 + 22. Let b = 0 + i. Suppose w - b + 5 = 0. Let u(j) = 2*j**2 - 2. Determine u(w).
6
Let q(p) = -7*p**2 + 19*p - 3. Let w(x) = 9*x**2 - 21*x + 3. Let y(c) = -5*q(c) - 4*w(c). Calculate y(-12).
-9
Let n(d) = -2*d**2 + 8*d - 3. Let k(i) be the third derivative of i**5/30 - 7*i**4/24 + i**3/2 + 25*i**2. Let q(z) = 6*k(z) + 5*n(z). Give q(2).
7
Let c = -26 + 16. Let i = c + 14. Suppose u + 3 + 8 = 4*x, -x - 2*u = i. Let d(r) = -r**3 + 3*r**2 - r. Give d(x).
2
Let d be 7/(-1)*(-5 - -4). Let y = -1 - d. Let v(m) = m + 9. Calculate v(y).
1
Let h be (-27)/(-135) + 6/(-5). Let t(i) = -5*i**2 - 2*i - 1. Calculate t(h).
-4
Let s(i) = -4*i - 8. Suppose 11*g + p = 6*g - 23, -4*g + 4*p - 28 = 0. Calculate s(g).
12
Let i(c) be the first derivative of 4*c + 4*c**2 + 1/3*c**3 + 13. Calculate i(-6).
-8
Let g(h) be the third derivative of -h**7/5040 - h**5/5 - 3*h**2. Let l(z) be the third derivative of g(z). What is l(4)?
-4
Let l(f) = f**3 - 3*f**2 + 2*f - 1. Let h(s) = -s**3 - 3*s**2 - 7*s + 2. Let b be h(-6). Let n = -149 + b. Determine l(n).
5
Let l be 2/5 + 18/5. Let k(a) be the second derivative of -a**6/360 + a**5/120 + 17*a**4/6 - 25*a. Let c(q) be the third derivative of k(q). Determine c(l).
-7
Suppose -6*w = -2*w - 28. Suppose 0*j + j - w = 0. Let i(l) = 3 + j - 10 - 2*l. Give i(-1).
2
Let p(x) = 7*x - 1067 - 8*x + x**2 - 7*x + 1079. Calculate p(8).
12
Let o(c) = 11*c**2 - 9*c - 9. Let d(v) = -12 + 7*v + 8 + 5*v**2 - 11*v. Let u(m) = -7*d(m) + 3*o(m). What is u(-2)?
-9
Let h(m) be the first derivative of 7*m**5/10 + m**3/6 - 48*m + 46. Let o(f) be the first derivative of h(f). Calculate o(-1).
-15
Let m = -80 - -112. Let j(q) = -2*q + 1 - m*q**2 - 5*q + 7*q. What is j(1)?
-31
Let q(g) be the third derivative of g**4/6 + 5*g**3/6 + 5*g**2 - 1. What is q(-4)?
-11
Let f = 2 + 22. Let h = f - 23. Let p(o) = -8*o**3 - 5*o**2 - o - 5. Let g(m) = m**3 + m**2 + 1. Let c(n) = h*p(n) + 5*g(n). Calculate c(1).
-4
Let j(v) be the second derivative of 0 + 1/6*v**3 + 1/6*v**4 - v**2 + 6*v. Let n = -1 + -1. Give j(n).
4
Let i(m) = -m**3 - 4*m**2 + m - 1. Suppose 10 = -48*u + 46*u. Give i(u).
19
Let r(v) = -13*v**2 - v - 21. Let c(h) = -3*h**2 - 5. Let m(n) = -3*n - 15. Let l be m(-8). Let g(j) = l*c(j) - 2*r(j). Suppose u - 8 = -u. Calculate g(u).
-11
Let g(k) = k**3 + 33*k**2 - k - 30. Let h be g(-33). Let y(n) = 3*n - 5. Calculate y(h).
4
Let g(l) = 5*l**2 - 4 - 50*l - 54*l + 108*l + 18 - l**3. Calculate g(6).
2
Let z be -1 + (3 - (0 + -1)). Let y be z*(4/3 - 1). Let n(w) be the second derivative of 3*w**4/4 + 2241*w. Calculate n(y).
9
Let p(y) be the third derivative of -y**4/8 + 4*y**3/3 + 347*y**2. Let r(n) = -n**2 - 2*n - 3. Let l be r(-3). What is p(l)?
26
Suppose 2*a = -3*o - 19, -5*a + 10 = -5*o - 5. Let m(v) = -2 - 3 - 4 - v**2 + 6 - 5*v. Calculate m(a).
3
Let j = 284 - 281. Let u be 38/9 - 4/18. Let z(n) = 4*n**2 - n - 6. Let a(b) = b**2 - 2. Let m(d) = u*z(d) - 14*a(d). Determine m(j).
10
Let c(f) be the second derivative of -1/20*f**5 - 1/3*f**4 - 6*f + 0 + 1/6*f**3 - 3/2*f**2. Determine c(-4).
-7
Let a(q) be the second derivative of q**5/20 + 3*q**4/4 + 5*q**3/3 + 178*q + 1. Determine a(-8).
-16
Let t(n) be the third derivative of -5/24*n**4 - 1/60*n**5 + 3*n**2 + 0 + 0*n - 7/6*n**3. Calculate t(-5).
-7
Let i(f) = -3*f**2 + 5*f - 4. Let y be i(2). Let v be -1 + (19/6 - y/(-36)). Let j(z) = 3*z**2 + z + z**3 - 5*z**2 + z**2. Determine j(v).
6
Let g(l) = -3*l - 3. Let o(s) = 3*s + 2. Let v(y) = -6*g(y) - 5*o(y). Let u = -335 - -329. Calculate v(u).
-10
Let k(m) = 3*m - 1. Let w(l) be the third derivative of l**4/12 + 7*l**3/6 - l**2. Let s be (-1)/(3 - 16/6). Let c be w(s). Determine k(c).
2
Let c(u) be the second derivative of u**8/6720 - u**7/252 - u**6/720 + u**5/12 - u**4 + 6*u. Let v(g) be the third derivative of c(g). Calculate v(10).
0
Let m(v) = 19 - 19 + 1 + 2*v. Let o(d) = -4*d. Let s be o(1). Calculate m(s).
-7
Let r(u) = 1 - 5*u**2 - 1 + 98603*u - 98601*u. Give r(2).
-16
Let g(d) = 58*d**2 + 61*d**2 - 7 - 2*d + 7*d + 64*d**2 - 182*d**2. Calculate g(-7).
7
Let s(f) = -10*f - 4. Let q(c) = -7*c - 3. Let x(m) = -7*q(m) + 5*s(m). Let w(y) = y**3 - 6*y**2 - 3*y + 47. Let r be w(5). Determine x(r).
-6
Let x(b) be the second derivative of -b**5/20 + 7*b**4/12 - 7*b**3/6 + 5*b**2/2 + 236*b - 2. Let w = -4 + 6. Let r = w + 4. Give x(r).
-1
Let a(o) = -o**2 - o - 5. Suppose 0*w + 15 = -3*w. Let q = w - -5. Calculate a(q).
-5
Let a = 4 + 0. Let k(l) be the third derivative of 0*l + 0*l**3 + 1/12*l**4 - 1/120*l**6 + 1/15*l**5 + 13*l**2 + 0. What is k(a)?
8
Let f = -1677 - -1682. Let y(q) = 6*q - 13. Determine y(f).
17
Let i(m) = 3*m**2 + 17. Let d be i(-6). Let h(f) = 120*f + f**2 - 252*f + 1 + d*f. Calculate h(6).
-5
Suppose 5*i = 3*u + 7, 0 = -2*i + 4 - 0. Let r(f) = -31*f**3 + f - 1. Determine r(u).
-31
Let a(y) = y**2 - 2*y + 1. Suppose r + 5*d = -0*d - 55, d = 2*r + 121. Let v = 62 + r. Determine a(v).
1
Suppose -55*p + 58*p - 15 = 0. Let v be (-14)/(-4) + (-2)/(-4). Suppose v*l - j - 5 = -0, j = -p. Let m(a) = a**3 + a**2 - a - 4. Calculate m(l).
-4
Let t(s) = -s**2 - 25*s - 98. Let r be t(-5). Let i(q) = -6*q**2 - 3*q + 3. Determine i(r).
-27
Let b(f) = f**3 - 3*f**2 + f - 1. Suppose 3*l = -4*w + 32, -l + 4*w - 19 = -3. Suppose -l*x = -x - 6. What is b(x)?
-3
Suppose 0 = 4*p + 2*t - 0 - 14, 0 = -3*p + t + 8. Suppose -f + 3 = -o + p*f, -4*o = -4*f. Let r(g) = -5*g + 7*g**2 + 0 + g**2 + o - g**3. Calculate r(7).
15
Suppose 8*s - 12*s = 24. Let f(u) = -6*u - 33. Calculate f(s).
3
Let k(i) = -i**2 - 3*i - 2. Let v be (-3)/5 - (-5)/(275/(-22)). Calculate k(v).
0
Let h(c) = -c**2 - c. Let v(w) = -w**3 - 14*w**2 - 13*w + 6. Let d(a) = -4*h(a) + v(a). Calculate d(-9).
6
Let k be ((-22)/(-121) + 24/(-11))/2. Let y be k/(-6) - 22/(-12). Let l(a) = -a**3 + a**2 - 2*a. Determine l(y).
-8
Let v = -4 + 4. Suppose 4*w - 4 = y + y, v = -3*y + 3*w - 18. Let o = 11 + y. Let d(a) = 5*a**3 + a**2. Determine d(o).
6
Let b(j) be the second derivative of j**3/6 + j**2 + 3*j - 21. Give b(-7).
-5
Let x(l) = -l**2 - 10*l + 22. Let u be x(-12). Let j(z) be the second derivative of 2*z - z**2 + 0 + 5/6*z**3. Calculate j(u).
-12
Let u(r) be the second derivative of -r**4/12 + r**3/6 - 8*r. Let b(z) = 2*z**2 + 4*z. Let p(i) = -b(i) - 3*u(i). Give p(3).
-12
Let v(k) be the third derivative of k**6/120 + 7*k**5/60 + k**4/12 - 2*k**3/3 - k**2 + k. Let d(t) = -t**2 + 2. Let l be d(-3). Give v(l).
-18
Let d = 351 - 357. Let x(k) = -k**3 - 7*k**2 - 5*k - 1. Calculate x(d).
-7
Let j(w) = -w + 7. Let t be j(5). Let b(m) = -5 - 2*m + 41*m**t + 2*m**3 - m**3 - 37*m**2. Determine b(-4).
3
Let j(n) be the third derivative of -n**8/6720 + n**7/360 + n**6/90 + 7*n**5/120 - n**4/8 - 14*n**2. Let z(k) be the second derivative of j(k). Determine z(8).
7
Let z = -59 - -62. Let h(w) be the third derivative of 6*w**2 + 0*w + 0 - 1/6*w**z + 1/30*w**5 + 0*w**4 + 7/120*w**6. Calculate h(-1).
-6
Let a(g) = -11*g + 3. Suppose 60 = -46*j + 34*j. Calculate a(j).
58
Suppose -4*w = -c - 3, 2*c - w = c + 3. Let k(o) = o**2 - 7*o + 9. Let l be k(7). Let v(g) = l*g**2 - g**3 + 5*g - 1 - 5*g**2 + 2 + 1. Determine v(c).
2
Let i(x) = x**3 - 3*x**2 + 3*x - 1. Suppose -3*k + 5*o = -27, 3*o - 7*o = -4*k + 28. Let f be (-18)/4*k/(-6). Determine